{"id":25,"date":"2021-09-13T19:16:44","date_gmt":"2021-09-13T19:16:44","guid":{"rendered":"http:\/\/farsoelaegehus.dk\/index.php\/home\/"},"modified":"2026-01-29T08:21:23","modified_gmt":"2026-01-29T07:21:23","slug":"home","status":"publish","type":"page","link":"https:\/\/farsoelaegehus.dk\/","title":{"rendered":"Nyheder"},"content":{"rendered":"\n<h2 class=\"wp-block-heading\">Nye l\u00e6ger<\/h2>\n\n\n\n<p>Den 1\/5-25 startede Anastasiya Chernaya sit sidste \u00e5r under uddannelsen til speciall\u00e6ge i almen praksis (Fase 3). Hun har tidligere v\u00e6ret uddannelsesl\u00e6ge ved L\u00e6gehuset i L\u00f8gst\u00f8r. Anastasiya er f\u00e6rdiguddannet speciall\u00e6ge 30\/4-26, og forts\u00e6tter herefter som fast speciall\u00e6ge hos os.<\/p>\n\n\n\n<p>Den 1\/11-25 startede Emma Trier som uddannelsesl\u00e6ge(KBU) 5 dage om ugen. Emma er f\u00e6rdiguddannet l\u00e6ge fra universitetet og skal v\u00e6re hos os i et halvt \u00e5r for at blive introduceret til jobbet i almen praksis.<\/p>\n\n\n\n<h2 class=\"wp-block-heading\">Tidsbestilling<\/h2>\n\n\n\n<p>Tidsbestilling foreg\u00e5r over Patientportalen, &#8220;Min L\u00e6ge&#8221;-app eller ved telefonisk kontakt til sekret\u00e6rerne mellem kl. 8-12. Konsultationer foreg\u00e5r kun efter aftale.<\/p>\n\n\n\n<p><strong>Tid til attester\/l\u00e6geerkl\u00e6ringer skal ALTID bestilles ved telefonisk kontakt til klinikken<\/strong>.<\/p>\n\n\n\n<p><strong>Der kan ikke tages blodpr\u00f8ver efter klokken 14.30.<\/strong><\/p>\n\n\n\n<p>Ved behov for <strong>akut uops\u00e6ttelig hj\u00e6lp<\/strong> udenfor sekret\u00e6rernes telefontid kontakter man klinikken p\u00e5 akuttelefonen. Der er altid informationer p\u00e5 hovednummerets telefonsvare, s\u00e5fremt der ikke svares p\u00e5 akuttelefon.<\/p>\n\n\n\n<p><strong>Afbud til samme dag skal ske kl. 8:00 telefonisk eller aflys selv tiden via &#8220;MinL\u00e6ge&#8221;-app<\/strong>.<\/p>\n\n\n\n<h2 class=\"wp-block-heading\">Telefontider<\/h2>\n\n\n\n<p>Telefonerne er \u00e5bne fra 8.00 til 12.00. Der vil ikke l\u00e6ngere v\u00e6re mulig at bestille tider, medicin eller andre ikke-akutte henvendelser efter klokken 12.<\/p>\n\n\n\n<p>Vi oplever, at mange ringer mellem kl. 8 og 9, og derfor er der lang ventetid. Det vil v\u00e6re en fordel at ringe efter kl. 9, hvis det ikke er en akut problemstilling, afbud eller tidsbestilling til samme dag. <br>Man kan ogs\u00e5 altid bestille tid og forny recepter via vores Patientportal eller via &#8220;Min l\u00e6ge&#8221;-app og Sundhed.dk<\/p>\n\n\n\n<h2 class=\"wp-block-heading\" id=\"rejseattester\">Lukket for tilgang<\/h2>\n\n\n\n<p>Vi har midlertidig lukket for tilgang af nye patienter, med undtagelse af patienter med adresse i Fars\u00f8, Strandby, Hvalpsund og Gedsted.<\/p>\n\n\n\n<h2 class=\"wp-block-heading\">Psykolog<\/h2>\n\n\n\n<p>Psykolog Louise Fransgaard har lejet sig ind i Bystrupparken 20. Hun er blevet tildelt ydernummer og det er muligt at anvende l\u00e6gehenvisning. <br>Man kan l\u00e6se mere om hende p\u00e5 hendes <a href=\"https:\/\/farsopsykologpraksis.dk\/\">hjemmeside<\/a>.<\/p>\n\n\n\n<p><\/p>\n","protected":false},"excerpt":{"rendered":"<p>Nye l\u00e6ger Den 1\/5-25 startede Anastasiya Chernaya sit sidste \u00e5r under uddannelsen til speciall\u00e6ge i almen praksis (Fase 3). Hun har tidligere v\u00e6ret uddannelsesl\u00e6ge ved L\u00e6gehuset i L\u00f8gst\u00f8r. Anastasiya er f\u00e6rdiguddannet speciall\u00e6ge 30\/4-26, og forts\u00e6tter herefter som fast speciall\u00e6ge hos os. Den 1\/11-25 startede Emma Trier som uddannelsesl\u00e6ge(KBU) 5 dage om ugen. Emma er f\u00e6rdiguddannet [&hellip;]<\/p>\n","protected":false},"author":1,"featured_media":0,"parent":0,"menu_order":0,"comment_status":"closed","ping_status":"closed","template":"","meta":{"footnotes":""},"class_list":["post-25","page","type-page","status-publish","hentry"],"_links":{"self":[{"href":"https:\/\/farsoelaegehus.dk\/index.php\/wp-json\/wp\/v2\/pages\/25","targetHints":{"allow":["GET"]}}],"collection":[{"href":"https:\/\/farsoelaegehus.dk\/index.php\/wp-json\/wp\/v2\/pages"}],"about":[{"href":"https:\/\/farsoelaegehus.dk\/index.php\/wp-json\/wp\/v2\/types\/page"}],"author":[{"embeddable":true,"href":"https:\/\/farsoelaegehus.dk\/index.php\/wp-json\/wp\/v2\/users\/1"}],"replies":[{"embeddable":true,"href":"https:\/\/farsoelaegehus.dk\/index.php\/wp-json\/wp\/v2\/comments?post=25"}],"version-history":[{"count":71,"href":"https:\/\/farsoelaegehus.dk\/index.php\/wp-json\/wp\/v2\/pages\/25\/revisions"}],"predecessor-version":[{"id":266,"href":"https:\/\/farsoelaegehus.dk\/index.php\/wp-json\/wp\/v2\/pages\/25\/revisions\/266"}],"wp:attachment":[{"href":"https:\/\/farsoelaegehus.dk\/index.php\/wp-json\/wp\/v2\/media?parent=25"}],"curies":[{"name":"wp","href":"https:\/\/api.w.org\/{rel}","templated":true}]}}